{"id":3385,"date":"2026-04-21T10:57:59","date_gmt":"2026-04-21T08:57:59","guid":{"rendered":"https:\/\/wasikoelle.com\/es\/event\/%f0%9f%8e%b6-3-o-festival-wasi-kolle-%f0%9f%92%83%f0%9f%8f%bd%f0%9f%95%ba%f0%9f%8f%bd\/"},"modified":"2026-04-21T11:43:50","modified_gmt":"2026-04-21T09:43:50","slug":"%f0%9f%8e%b6-3-o-festival-wasi-kolle-%f0%9f%92%83%f0%9f%8f%bd%f0%9f%95%ba%f0%9f%8f%bd","status":"publish","type":"event_listing","link":"https:\/\/wasikoelle.com\/es\/event\/%f0%9f%8e%b6-3-o-festival-wasi-kolle-%f0%9f%92%83%f0%9f%8f%bd%f0%9f%95%ba%f0%9f%8f%bd\/","title":{"rendered":"\ud83c\udfb6 3.\u00ba Festival Wasi K\u00f6lle \ud83d\udc83\ud83c\udffd\ud83d\udd7a\ud83c\udffd"},"content":{"rendered":"<p>\ud83c\udfb6 3.\u00ba Festival Wasi K\u00f6lle \ud83d\udc83\ud83c\udffd\ud83d\udd7a\ud83c\udffd<\/p>\n<p>\ud83d\udcc5 6 de junio de 2026<\/p>\n<p>\ud83d\udd5b De 12:00 a 21:00<\/p>\n<p>\u00a0<\/p>\n<p>\ud83d\udccd Severinskirchplatz 50678<\/p>\n<p>Colonia \u2013 S\u00fcdstadt<\/p>\n<p>\u00a0<\/p>\n<p>\u2e3b<\/p>\n<p>\u00a0<\/p>\n<p>\ud83d\udc9b Entrada gratuita \u2013 Evento al aire libre<\/p>\n<p>\u00a0<\/p>\n<p>\ud83c\udf0e\u2728 Un pedacito de Latinoam\u00e9rica al aire libre en Colonia<\/p>\n<p>\u00a0<\/p>\n<p>\ud83c\udfb6 DJ al aire libre y m\u00fasica en directo<\/p>\n<p>Con la energ\u00eda del DJ Ricky Ricardo y m\u00fasicos en el escenario que te har\u00e1n latir el coraz\u00f3n m\u00e1s r\u00e1pido.<\/p>\n<p>Ven, siente el ritmo, baila y vive la alegr\u00eda de vivir que nos une\u2026 porque la m\u00fasica latinoamericana no solo se escucha, \u00a1se siente!<\/p>\n<p>\u2728 El programa completo de artistas se dar\u00e1 a conocer pr\u00f3ximamente.<\/p>\n<p>\u00a0<\/p>\n<p>\ud83d\udc83 Bailes folcl\u00f3ricos<\/p>\n<p>Tradici\u00f3n, historia y emoci\u00f3n en cada movimiento. Un viaje a nuestras ra\u00edces que une culturas y generaciones.<\/p>\n<p>\u00a0<\/p>\n<p>\ud83d\udc68\u200d\ud83d\udc69\u200d\ud83d\udc67 Programa para ni\u00f1os<\/p>\n<p>Tambi\u00e9n hay algo especial para los m\u00e1s peque\u00f1os: un mago que les har\u00e1 alucinar, re\u00edr y vivir momentos inolvidables.<\/p>\n<p>\u00a0<\/p>\n<p>\ud83c\udf7d\ufe0f Gastronom\u00eda latinoamericana<\/p>\n<p>Una experiencia culinaria que deleitar\u00e1 tu paladar, te har\u00e1 sentir como en casa y te transportar\u00e1 directamente a nuestras ra\u00edces\u2026 preparada con mucho amor y tradici\u00f3n.<\/p>\n<p>\u00a0<\/p>\n<p>\ud83c\udf89 Momentos especiales<\/p>\n<p>Disfruta de peque\u00f1as sorpresas que har\u00e1n de este d\u00eda algo inolvidable.<\/p>\n<p>\u00a0<\/p>\n<p>\u2e3b<\/p>\n<p>\u00a0<\/p>\n<p>\ud83e\udd64\u2728 Apoya el festival comprando bebidas<\/p>\n<p>La venta de bebidas es una parte importante para que este proyecto pueda seguir adelante.<\/p>\n<p>Con cada bebida nos ayudas a hacer crecer el festival y a seguir celebrando juntos en el futuro.<\/p>\n<p>\u00a0<\/p>\n<p>\ud83d\ude4f Por favor, no traigas tus propias bebidas<\/p>\n<p>As\u00ed apoyas directamente a la comunidad que hace posible este evento.<\/p>\n<p>\u00a0<\/p>\n<p>\u2e3b<\/p>\n<p>\u00a0<\/p>\n<p>\ud83e\udd0d\u2728 Un lugar para reencontrarse, compartir y sentirse bien<\/p>\n<p>Con sonrisas, abrazos y esa calidez especial que caracteriza a Latinoam\u00e9rica.<\/p>\n<p>Por tercera vez\u2026 y esperemos que no sea la \u00faltima.<\/p>\n<p>El \u00fanico festival con entrada gratuita: \u00a1no te lo pierdas!<\/p>\n<p>\u2e3b<\/p>\n<p>Organizador:<\/p>\n<p>WASI K\u00f6lle e. V.<\/p>\n","protected":false},"featured_media":3386,"template":"","meta":[],"event_listing_category":[38],"event_listing_type":[51],"class_list":["post-3385","event_listing","type-event_listing","status-publish","has-post-thumbnail","hentry","event_listing_category-community-culture","event_listing_type-festival"],"blocksy_meta":[],"_links":{"self":[{"href":"https:\/\/wasikoelle.com\/es\/wp-json\/wp\/v2\/event_listing\/3385","targetHints":{"allow":["GET"]}}],"collection":[{"href":"https:\/\/wasikoelle.com\/es\/wp-json\/wp\/v2\/event_listing"}],"about":[{"href":"https:\/\/wasikoelle.com\/es\/wp-json\/wp\/v2\/types\/event_listing"}],"wp:featuredmedia":[{"embeddable":true,"href":"https:\/\/wasikoelle.com\/es\/wp-json\/wp\/v2\/media\/3386"}],"wp:attachment":[{"href":"https:\/\/wasikoelle.com\/es\/wp-json\/wp\/v2\/media?parent=3385"}],"wp:term":[{"taxonomy":"event_listing_category","embeddable":true,"href":"https:\/\/wasikoelle.com\/es\/wp-json\/wp\/v2\/event_listing_category?post=3385"},{"taxonomy":"event_listing_type","embeddable":true,"href":"https:\/\/wasikoelle.com\/es\/wp-json\/wp\/v2\/event_listing_type?post=3385"}],"curies":[{"name":"wp","href":"https:\/\/api.w.org\/{rel}","templated":true}]}}

🎶 3.º Festival Wasi Kölle 💃🏽🕺🏽

<p>🎶 3.º Festival Wasi Kölle 💃🏽🕺🏽</p>
<p>📅 6 de junio de 2026</p>
<p>🕛 De 12:00 a 21:00</p>
<p> </p>
<p>📍 Severinskirchplatz 50678</p>
<p>Colonia – Südstadt</p>
<p> </p>
<p>⸻</p>
<p> </p>
<p>💛 Entrada gratuita – Evento al aire libre</p>
<p> </p>
<p>🌎✨ Un pedacito de Latinoamérica al aire libre en Colonia</p>
<p> </p>
<p>🎶 DJ al aire libre y música en directo</p>
<p>Con la energía del DJ Ricky Ricardo y músicos en el escenario que te harán latir el corazón más rápido.</p>
<p>Ven, siente el ritmo, baila y vive la alegría de vivir que nos une… porque la música latinoamericana no solo se escucha, ¡se siente!</p>
<p>✨ El programa completo de artistas se dará a conocer próximamente.</p>
<p> </p>
<p>💃 Bailes folclóricos</p>
<p>Tradición, historia y emoción en cada movimiento. Un viaje a nuestras raíces que une culturas y generaciones.</p>
<p> </p>
<p>👨‍👩‍👧 Programa para niños</p>
<p>También hay algo especial para los más pequeños: un mago que les hará alucinar, reír y vivir momentos inolvidables.</p>
<p> </p>
<p>🍽️ Gastronomía latinoamericana</p>
<p>Una experiencia culinaria que deleitará tu paladar, te hará sentir como en casa y te transportará directamente a nuestras raíces… preparada con mucho amor y tradición.</p>
<p> </p>
<p>🎉 Momentos especiales</p>
<p>Disfruta de pequeñas sorpresas que harán de este día algo inolvidable.</p>
<p> </p>
<p>⸻</p>
<p> </p>
<p>🥤✨ Apoya el festival comprando bebidas</p>
<p>La venta de bebidas es una parte importante para que este proyecto pueda seguir adelante.</p>
<p>Con cada bebida nos ayudas a hacer crecer el festival y a seguir celebrando juntos en el futuro.</p>
<p> </p>
<p>🙏 Por favor, no traigas tus propias bebidas</p>
<p>Así apoyas directamente a la comunidad que hace posible este evento.</p>
<p> </p>
<p>⸻</p>
<p> </p>
<p>🤍✨ Un lugar para reencontrarse, compartir y sentirse bien</p>
<p>Con sonrisas, abrazos y esa calidez especial que caracteriza a Latinoamérica.</p>
<p>Por tercera vez… y esperemos que no sea la última.</p>
<p>El único festival con entrada gratuita: ¡no te lo pierdas!</p>
<p>⸻</p>
<p>Organizador:</p>
<p>WASI Kölle e. V.</p>
