{"id":3383,"date":"2026-04-21T10:11:10","date_gmt":"2026-04-21T08:11:10","guid":{"rendered":"https:\/\/wasikoelle.com\/es\/event\/%f0%9f%87%ae%f0%9f%87%b9%e2%9c%a8-invitacion-a-la-2-a-noche-italiana-en-w-a-s-i-koln-e-v\/"},"modified":"2026-04-26T00:49:18","modified_gmt":"2026-04-25T22:49:18","slug":"%f0%9f%87%ae%f0%9f%87%b9%e2%9c%a8-invitacion-a-la-2-a-noche-italiana-en-w-a-s-i-koln-e-v","status":"expired","type":"event_listing","link":"https:\/\/wasikoelle.com\/es\/event\/%f0%9f%87%ae%f0%9f%87%b9%e2%9c%a8-invitacion-a-la-2-a-noche-italiana-en-w-a-s-i-koln-e-v\/","title":{"rendered":"\ud83c\uddee\ud83c\uddf9\u2728 Invitaci\u00f3n a la 2.\u00aa Noche Italiana en W.A.S.I. K\u00f6ln e.V."},"content":{"rendered":"<p>\ud83c\uddee\ud83c\uddf9\u2728 Invitaci\u00f3n a la 2.\u00aa Noche Italiana en W.A.S.I. K\u00f6ln e.V.<\/p>\n<p>\ud83d\udcc5 25 de abril de 2026<\/p>\n<p>\ud83d\udccd W.A.S.I. K\u00f6ln e.V.<\/p>\n<p>Severinswall 37, 50678 Colonia<\/p>\n<p>\u00a0<\/p>\n<p>\ud83d\udd56 Apertura de puertas: 19:00 h<\/p>\n<p>\ud83d\udd57 Comienzo: 20:00 h<\/p>\n<p>\u00a0<\/p>\n<p>\ud83c\udf9f\ufe0f Entrada libre \u2013 se pasar\u00e1 el sombrero<\/p>\n<p>\u00a0<\/p>\n<p>\u2e3b<\/p>\n<p>\u00a0<\/p>\n<p>\u00a1Vive una velada como un viaje a Italia!<\/p>\n<p>M\u00fasica, pasi\u00f3n y aut\u00e9ntica dolce vita, en pleno centro de Colonia.<\/p>\n<p>\u00a0<\/p>\n<p>Como asociaci\u00f3n cultural latinoamericana, celebramos la diversidad de nuestras culturas y, por supuesto, nuestros amigos italianos no pueden faltar.<\/p>\n<p>Italia es sin\u00f3nimo de gente cordial, gastronom\u00eda \u00fanica, playas de ensue\u00f1o y pura alegr\u00eda de vivir.<\/p>\n<p>Porque seamos sinceros: a los italianos se les suele llamar los latinos de Europa \ud83c\uddee\ud83c\uddf9\u2764\ufe0f<\/p>\n<p>Precisamente aqu\u00ed, en el barrio S\u00fcdstadt de Colonia, donde viven muchas personas de origen italiano y que llevan d\u00e9cadas marcando el car\u00e1cter del barrio, esta conexi\u00f3n especial se sigue sintiendo hasta hoy.<\/p>\n<p>\u00a0<\/p>\n<p>\ud83c\udfb6 M\u00fasica en directo: los mayores \u00e9xitos italianos<\/p>\n<p>Con canciones de: Ramazzotti, Conte, Cutugno, Nek, Bocelli y muchos m\u00e1s.<\/p>\n<p>\ud83d\udd25 \u00a1Venid, sentid, bailad y disfrutad de Italia con nosotros!<\/p>\n<p>\u00a0<\/p>\n<p>\u2728 Nos vemos en la pista de baile<\/p>\n<p>Vuestras chicas de Wasi \ud83d\udc9b<\/p>\n","protected":false},"featured_media":3384,"template":"","meta":[],"event_listing_category":[38],"event_listing_type":[48],"class_list":["post-3383","event_listing","type-event_listing","status-expired","has-post-thumbnail","hentry","event_listing_category-community-culture","event_listing_type-concierto"],"blocksy_meta":[],"_links":{"self":[{"href":"https:\/\/wasikoelle.com\/es\/wp-json\/wp\/v2\/event_listing\/3383","targetHints":{"allow":["GET"]}}],"collection":[{"href":"https:\/\/wasikoelle.com\/es\/wp-json\/wp\/v2\/event_listing"}],"about":[{"href":"https:\/\/wasikoelle.com\/es\/wp-json\/wp\/v2\/types\/event_listing"}],"wp:featuredmedia":[{"embeddable":true,"href":"https:\/\/wasikoelle.com\/es\/wp-json\/wp\/v2\/media\/3384"}],"wp:attachment":[{"href":"https:\/\/wasikoelle.com\/es\/wp-json\/wp\/v2\/media?parent=3383"}],"wp:term":[{"taxonomy":"event_listing_category","embeddable":true,"href":"https:\/\/wasikoelle.com\/es\/wp-json\/wp\/v2\/event_listing_category?post=3383"},{"taxonomy":"event_listing_type","embeddable":true,"href":"https:\/\/wasikoelle.com\/es\/wp-json\/wp\/v2\/event_listing_type?post=3383"}],"curies":[{"name":"wp","href":"https:\/\/api.w.org\/{rel}","templated":true}]}}

🇮🇹✨ Invitación a la 2.ª Noche Italiana en W.A.S.I. Köln e.V.

<p>🇮🇹✨ Invitación a la 2.ª Noche Italiana en W.A.S.I. Köln e.V.</p>
<p>📅 25 de abril de 2026</p>
<p>📍 W.A.S.I. Köln e.V.</p>
<p>Severinswall 37, 50678 Colonia</p>
<p> </p>
<p>🕖 Apertura de puertas: 19:00 h</p>
<p>🕗 Comienzo: 20:00 h</p>
<p> </p>
<p>🎟️ Entrada libre – se pasará el sombrero</p>
<p> </p>
<p>⸻</p>
<p> </p>
<p>¡Vive una velada como un viaje a Italia!</p>
<p>Música, pasión y auténtica dolce vita, en pleno centro de Colonia.</p>
<p> </p>
<p>Como asociación cultural latinoamericana, celebramos la diversidad de nuestras culturas y, por supuesto, nuestros amigos italianos no pueden faltar.</p>
<p>Italia es sinónimo de gente cordial, gastronomía única, playas de ensueño y pura alegría de vivir.</p>
<p>Porque seamos sinceros: a los italianos se les suele llamar los latinos de Europa 🇮🇹❤️</p>
<p>Precisamente aquí, en el barrio Südstadt de Colonia, donde viven muchas personas de origen italiano y que llevan décadas marcando el carácter del barrio, esta conexión especial se sigue sintiendo hasta hoy.</p>
<p> </p>
<p>🎶 Música en directo: los mayores éxitos italianos</p>
<p>Con canciones de: Ramazzotti, Conte, Cutugno, Nek, Bocelli y muchos más.</p>
<p>🔥 ¡Venid, sentid, bailad y disfrutad de Italia con nosotros!</p>
<p> </p>
<p>✨ Nos vemos en la pista de baile</p>
<p>Vuestras chicas de Wasi 💛</p>
