{"id":3383,"date":"2026-04-21T10:11:10","date_gmt":"2026-04-21T08:11:10","guid":{"rendered":"https:\/\/wasikoelle.com\/es\/event\/%f0%9f%87%ae%f0%9f%87%b9%e2%9c%a8-invitacion-a-la-2-a-noche-italiana-en-w-a-s-i-koln-e-v\/"},"modified":"2026-04-26T00:49:18","modified_gmt":"2026-04-25T22:49:18","slug":"%f0%9f%87%ae%f0%9f%87%b9%e2%9c%a8-invitacion-a-la-2-a-noche-italiana-en-w-a-s-i-koln-e-v","status":"expired","type":"event_listing","link":"https:\/\/wasikoelle.com\/de\/event\/%f0%9f%87%ae%f0%9f%87%b9%e2%9c%a8-invitacion-a-la-2-a-noche-italiana-en-w-a-s-i-koln-e-v\/","title":{"rendered":"\ud83c\uddee\ud83c\uddf9\u2728 Einladung zur 2. Italienischen Nacht im W.A.S.I. K\u00f6ln e.V."},"content":{"rendered":"<p>\ud83c\uddee\ud83c\uddf9\u2728 Einladung zur 2. Italienischen Nacht im W.A.S.I. K\u00f6ln e.V.<\/p>\n<p>\ud83d\udcc5 25. April 2026<\/p>\n<p>\ud83d\udccd W.A.S.I. K\u00f6ln e.V.<\/p>\n<p>Severinswall 37 \u00b7 50678 K\u00f6ln<\/p>\n<p>\u00a0<\/p>\n<p>\ud83d\udd56 Einlass: 19:00 Uhr<\/p>\n<p>\ud83d\udd57 Beginn: 20:00 Uhr<\/p>\n<p>\u00a0<\/p>\n<p>\ud83c\udf9f Eintritt frei: Der Hut wird herumgereicht.<\/p>\n<p>\u00a0<\/p>\n<p>\u2e3b<\/p>\n<p>\u00a0<\/p>\n<p>Erlebe einen Abend wie eine Reise nach Italien!<\/p>\n<p>Musik, Leidenschaft und echtes Dolce Vita mitten im Herzen von K\u00f6ln.<\/p>\n<p>\u00a0<\/p>\n<p>Als lateinamerikanischer Kulturverein feiern wir die Vielfalt unserer Kulturen, und nat\u00fcrlich d\u00fcrfen dabei unsere italienischen Freunde nicht fehlen.<\/p>\n<p>Italien steht f\u00fcr herzliche Menschen, eine einzigartige K\u00fcche, traumhafte Str\u00e4nde und pure Lebensfreude.<\/p>\n<p>Denn seien wir ehrlich: Die Italiener werden oft als die \u201eLatinos Europas\u201c bezeichnet \ud83c\uddee\ud83c\uddf9\u2764\ufe0f<\/p>\n<p>Gerade hier, im K\u00f6lner Stadtteil S\u00fcdstadt, wo viele Menschen italienischer Herkunft leben und seit Jahrzehnten das Flair des Viertels pr\u00e4gen, ist diese besondere Verbundenheit bis heute sp\u00fcrbar.<\/p>\n<p>\u00a0<\/p>\n<p>\ud83c\udfb6 Live-Musik: die gr\u00f6\u00dften italienischen Hits<\/p>\n<p>Mit Liedern von: Ramazzotti, Conte, Cutugno, Nek, Bocelli und vielen anderen.<\/p>\n<p>\ud83d\udd25 Kommt, lasst euch verzaubern, tanzt und genie\u00dft Italien mit uns!<\/p>\n<p>\u00a0<\/p>\n<p>\u2728 Wir sehen uns auf der Tanzfl\u00e4che<\/p>\n<p>\ud83d\udc8b Eure M\u00e4dchen von Wasi \ud83d\udc83<\/p>","protected":false},"featured_media":3384,"template":"","meta":[],"event_listing_category":[38],"event_listing_type":[48],"class_list":["post-3383","event_listing","type-event_listing","status-expired","has-post-thumbnail","hentry","event_listing_category-community-culture","event_listing_type-concierto"],"blocksy_meta":[],"_links":{"self":[{"href":"https:\/\/wasikoelle.com\/de\/wp-json\/wp\/v2\/event_listing\/3383","targetHints":{"allow":["GET"]}}],"collection":[{"href":"https:\/\/wasikoelle.com\/de\/wp-json\/wp\/v2\/event_listing"}],"about":[{"href":"https:\/\/wasikoelle.com\/de\/wp-json\/wp\/v2\/types\/event_listing"}],"wp:featuredmedia":[{"embeddable":true,"href":"https:\/\/wasikoelle.com\/de\/wp-json\/wp\/v2\/media\/3384"}],"wp:attachment":[{"href":"https:\/\/wasikoelle.com\/de\/wp-json\/wp\/v2\/media?parent=3383"}],"wp:term":[{"taxonomy":"event_listing_category","embeddable":true,"href":"https:\/\/wasikoelle.com\/de\/wp-json\/wp\/v2\/event_listing_category?post=3383"},{"taxonomy":"event_listing_type","embeddable":true,"href":"https:\/\/wasikoelle.com\/de\/wp-json\/wp\/v2\/event_listing_type?post=3383"}],"curies":[{"name":"wp","href":"https:\/\/api.w.org\/{rel}","templated":true}]}}

🇮🇹✨ Einladung zur 2. Italienischen Nacht im W.A.S.I. Köln e.V.

<p>🇮🇹✨ Einladung zur 2. Italienischen Nacht im W.A.S.I. Köln e.V.</p>
<p>📅 25. April 2026</p>
<p>📍 W.A.S.I. Köln e.V.</p>
<p>Severinswall 37 · 50678 Köln</p>
<p> </p>
<p>🕖 Einlass: 19:00 Uhr</p>
<p>🕗 Beginn: 20:00 Uhr</p>
<p> </p>
<p>🎟 Eintritt frei: Der Hut wird herumgereicht.</p>
<p> </p>
<p>⸻</p>
<p> </p>
<p>Erlebe einen Abend wie eine Reise nach Italien!</p>
<p>Musik, Leidenschaft und echtes Dolce Vita mitten im Herzen von Köln.</p>
<p> </p>
<p>Als lateinamerikanischer Kulturverein feiern wir die Vielfalt unserer Kulturen, und natürlich dürfen dabei unsere italienischen Freunde nicht fehlen.</p>
<p>Italien steht für herzliche Menschen, eine einzigartige Küche, traumhafte Strände und pure Lebensfreude.</p>
<p>Denn seien wir ehrlich: Die Italiener werden oft als die „Latinos Europas“ bezeichnet 🇮🇹❤️</p>
<p>Gerade hier, im Kölner Stadtteil Südstadt, wo viele Menschen italienischer Herkunft leben und seit Jahrzehnten das Flair des Viertels prägen, ist diese besondere Verbundenheit bis heute spürbar.</p>
<p> </p>
<p>🎶 Live-Musik: die größten italienischen Hits</p>
<p>Mit Liedern von: Ramazzotti, Conte, Cutugno, Nek, Bocelli und vielen anderen.</p>
<p>🔥 Kommt, lasst euch verzaubern, tanzt und genießt Italien mit uns!</p>
<p> </p>
<p>✨ Wir sehen uns auf der Tanzfläche</p>
<p>💋 Eure Mädchen von Wasi 💃</p>
