{"id":3381,"date":"2026-04-21T10:08:10","date_gmt":"2026-04-21T08:08:10","guid":{"rendered":"https:\/\/wasikoelle.com\/es\/event\/%f0%9f%92%83%f0%9f%8f%bd%f0%9f%95%ba%f0%9f%8f%bd-venid-a-bailar-salsa-con-nosotros\/"},"modified":"2026-04-25T00:52:09","modified_gmt":"2026-04-24T22:52:09","slug":"%f0%9f%92%83%f0%9f%8f%bd%f0%9f%95%ba%f0%9f%8f%bd-venid-a-bailar-salsa-con-nosotros","status":"expired","type":"event_listing","link":"https:\/\/wasikoelle.com\/de\/event\/%f0%9f%92%83%f0%9f%8f%bd%f0%9f%95%ba%f0%9f%8f%bd-venid-a-bailar-salsa-con-nosotros\/","title":{"rendered":"\ud83d\udc83\ud83c\udffd\ud83d\udd7a\ud83c\udffd Kommt und tanzt mit uns Salsa!"},"content":{"rendered":"<p>\ud83d\udc83\ud83c\udffd\ud83d\udd7a\ud83c\udffd<\/p>\n<p>\u00a1Venid a bailar salsa con nosotros!<\/p>\n<p>\ud83c\udf9f Eintritt frei.<\/p>\n<p>Eine Spende f\u00fcr den K\u00fcnstler w\u00e4re sehr willkommen \ud83d\ude4c\ud83c\udffd<\/p>\n<p>\u2e3b<\/p>\n<p>\ud83c\udf77 Liebe Leute\u2026<\/p>\n<p>Ein Abend voller Rhythmus, Lebensfreude und guter Energie<\/p>\n<p>\u2e3b<\/p>\n<p>\ud83c\udf34 Wasi K\u00f6lle l\u00e4dt euch ein<\/p>\n<p>Viel Spa\u00df, tanzt und genie\u00dft den Moment<\/p>\n<p>\u2e3b<\/p>\n<p>\ud83c\udf0e Jede Woche nehmen wir euch mit auf eine Reise<\/p>\n<p>von verschiedenen Kulturen Lateinamerikas \u2013<\/p>\n<p>Und dieses Mal geht es nach Kuba \ud83c\udde8\ud83c\uddfa<\/p>\n<p>\u2e3b<\/p>\n<p>Und denkt daran\u2026<\/p>\n<p>Sobald ihr durch die T\u00fcr geht,<\/p>\n<p>Befindet euch mittendrin in der warmen Atmosph\u00e4re Lateinamerikas \ud83c\udf1e<\/p>\n<p>\ud83d\udccd Wo?\u00a0<\/p>\n<p>Severinswall 37<\/p>\n<p>\ud83d\udcc5 Wann? 24.04.2026<\/p>\n<p>\ud83d\udd56 Einlass: 19:00 Uhr<\/p>\n<p>\u2e3b<\/p>\n<p>\u2728 Wir sehen uns auf der Tanzfl\u00e4che<\/p>\n<p>\ud83d\udc8b Eure M\u00e4dchen von Wasi \ud83d\udc83<\/p>\n\n\n<p><\/p>","protected":false},"featured_media":3382,"template":"","meta":[],"event_listing_category":[38],"event_listing_type":[48],"class_list":["post-3381","event_listing","type-event_listing","status-expired","has-post-thumbnail","hentry","event_listing_category-community-culture","event_listing_type-concierto"],"blocksy_meta":[],"_links":{"self":[{"href":"https:\/\/wasikoelle.com\/de\/wp-json\/wp\/v2\/event_listing\/3381","targetHints":{"allow":["GET"]}}],"collection":[{"href":"https:\/\/wasikoelle.com\/de\/wp-json\/wp\/v2\/event_listing"}],"about":[{"href":"https:\/\/wasikoelle.com\/de\/wp-json\/wp\/v2\/types\/event_listing"}],"wp:featuredmedia":[{"embeddable":true,"href":"https:\/\/wasikoelle.com\/de\/wp-json\/wp\/v2\/media\/3382"}],"wp:attachment":[{"href":"https:\/\/wasikoelle.com\/de\/wp-json\/wp\/v2\/media?parent=3381"}],"wp:term":[{"taxonomy":"event_listing_category","embeddable":true,"href":"https:\/\/wasikoelle.com\/de\/wp-json\/wp\/v2\/event_listing_category?post=3381"},{"taxonomy":"event_listing_type","embeddable":true,"href":"https:\/\/wasikoelle.com\/de\/wp-json\/wp\/v2\/event_listing_type?post=3381"}],"curies":[{"name":"wp","href":"https:\/\/api.w.org\/{rel}","templated":true}]}}

<p>💃🏽🕺🏽</p>
<p>¡Venid a bailar salsa con nosotros!</p>
<p>🎟 Eintritt frei.</p>
<p>Eine Spende für den Künstler wäre sehr willkommen 🙌🏽</p>
<p>⸻</p>
<p>🍷 Liebe Leute…</p>
<p>Ein Abend voller Rhythmus, Lebensfreude und guter Energie</p>
<p>⸻</p>
<p>🌴 Wasi Kölle lädt euch ein</p>
<p>Viel Spaß, tanzt und genießt den Moment</p>
<p>⸻</p>
<p>🌎 Jede Woche nehmen wir euch mit auf eine Reise</p>
<p>von verschiedenen Kulturen Lateinamerikas –</p>
<p>Und dieses Mal geht es nach Kuba 🇨🇺</p>
<p>⸻</p>
<p>Und denkt daran…</p>
<p>Sobald ihr durch die Tür geht,</p>
<p>Befindet euch mittendrin in der warmen Atmosphäre Lateinamerikas 🌞</p>
<p>📍 Wo? </p>
<p>Severinswall 37</p>
<p>📅 Wann? 24.04.2026</p>
<p>🕖 Einlass: 19:00 Uhr</p>
<p>⸻</p>
<p>✨ Wir sehen uns auf der Tanzfläche</p>
<p>💋 Eure Mädchen von Wasi 💃</p>


<p></p>
